{"id":653,"date":"2025-07-25T23:41:40","date_gmt":"2025-07-25T21:41:40","guid":{"rendered":"https:\/\/alice-poitevin.fr\/?page_id=653"},"modified":"2025-07-31T17:21:35","modified_gmt":"2025-07-31T15:21:35","slug":"contact","status":"publish","type":"page","link":"https:\/\/alice-poitevin.fr\/index.php\/contact\/","title":{"rendered":"Contact"},"content":{"rendered":"\n<div class=\"wp-block-cover alignfull\" style=\"margin-top:0;margin-bottom:0;padding-top:0px;padding-bottom:80px;min-height:300px;aspect-ratio:unset;\"><span aria-hidden=\"true\" class=\"wp-block-cover__background has-background-dim-0 has-background-dim\" style=\"background-color:#e9ceb0\"><\/span><img fetchpriority=\"high\" decoding=\"async\" width=\"2560\" height=\"1438\" class=\"wp-block-cover__image-background wp-image-577\" alt=\"\" src=\"http:\/\/alice-poitevin.fr\/wp-content\/uploads\/2025\/07\/sean-7K24SkQUbSw-unsplash-scaled.jpg\" style=\"object-position:77% 88%\" data-object-fit=\"cover\" data-object-position=\"77% 88%\" srcset=\"https:\/\/alice-poitevin.fr\/wp-content\/uploads\/2025\/07\/sean-7K24SkQUbSw-unsplash-scaled.jpg 2560w, https:\/\/alice-poitevin.fr\/wp-content\/uploads\/2025\/07\/sean-7K24SkQUbSw-unsplash-300x168.jpg 300w, https:\/\/alice-poitevin.fr\/wp-content\/uploads\/2025\/07\/sean-7K24SkQUbSw-unsplash-1024x575.jpg 1024w, https:\/\/alice-poitevin.fr\/wp-content\/uploads\/2025\/07\/sean-7K24SkQUbSw-unsplash-768x431.jpg 768w, https:\/\/alice-poitevin.fr\/wp-content\/uploads\/2025\/07\/sean-7K24SkQUbSw-unsplash-1536x863.jpg 1536w, https:\/\/alice-poitevin.fr\/wp-content\/uploads\/2025\/07\/sean-7K24SkQUbSw-unsplash-2048x1150.jpg 2048w\" sizes=\"(max-width: 2560px) 100vw, 2560px\" \/><div class=\"wp-block-cover__inner-container has-global-padding is-layout-constrained wp-container-core-cover-is-layout-d4c6b484 wp-block-cover-is-layout-constrained\">\n<div style=\"height:54px\" aria-hidden=\"true\" class=\"wp-block-spacer\"><\/div>\n\n\n\n<h1 class=\"wp-block-heading has-text-align-right has-text-color has-link-color has-suranna-font-family wp-elements-86608509756dd8fd87c98be4dd791342\" style=\"color:#ffffff;font-size:clamp(38.682px, 2.418rem + ((1vw - 3.2px) * 3.786), 72px);font-style:normal;font-weight:500\">Me contacter<\/h1>\n<\/div><\/div>\n\n\n\n<div class=\"wp-block-group alignwide has-global-padding is-layout-constrained wp-container-core-group-is-layout-81fb2944 wp-block-group-is-layout-constrained\" style=\"margin-top:0px;margin-bottom:0px;padding-top:80px;padding-bottom:80px\">\n<div class=\"wp-block-columns alignwide is-layout-flex wp-container-core-columns-is-layout-9cf8123d wp-block-columns-is-layout-flex\">\n<div class=\"wp-block-column is-vertically-aligned-top is-layout-flow wp-container-core-column-is-layout-8a368f38 wp-block-column-is-layout-flow\">\n<h2 class=\"wp-block-heading\" style=\"margin-bottom:20px;font-size:clamp(18.959px, 1.185rem + ((1vw - 3.2px) * 1.255), 30px);\">Formulaire de contact<\/h2>\n\n\n<div class=\"wpforms-container wpforms-container-full wpforms-block wpforms-block-810e744e-2a4c-46c8-872c-8166c669ae25 wpforms-render-modern\" id=\"wpforms-447\"><form id=\"wpforms-form-447\" class=\"wpforms-validate wpforms-form wpforms-ajax-form\" data-formid=\"447\" method=\"post\" enctype=\"multipart\/form-data\" action=\"\/index.php\/wp-json\/wp\/v2\/pages\/653\" data-token=\"d304ed3064a717fb7697794ad62a9a8c\" data-token-time=\"1776654715\"><noscript class=\"wpforms-error-noscript\">Veuillez activer JavaScript dans votre navigateur pour remplir ce formulaire.<\/noscript><div id=\"wpforms-error-noscript\" style=\"display: none;\">Veuillez activer JavaScript dans votre navigateur pour remplir ce formulaire.<\/div><div class=\"wpforms-field-container\"><div id=\"wpforms-447-field_1-container\" class=\"wpforms-field wpforms-field-name\" data-field-id=\"1\"><fieldset><legend class=\"wpforms-field-label\">Nom <span class=\"wpforms-required-label\" aria-hidden=\"true\">*<\/span><\/legend><div class=\"wpforms-field-row wpforms-field-medium\"><div class=\"wpforms-field-row-block wpforms-first wpforms-one-half\"><input type=\"text\" id=\"wpforms-447-field_1\" class=\"wpforms-field-name-first wpforms-field-required\" name=\"wpforms[fields][1][first]\" aria-errormessage=\"wpforms-447-field_1-error\" required><label for=\"wpforms-447-field_1\" class=\"wpforms-field-sublabel after\">Pr\u00e9nom<\/label><\/div><div class=\"wpforms-field-row-block wpforms-one-half\"><input type=\"text\" id=\"wpforms-447-field_1-last\" class=\"wpforms-field-name-last wpforms-field-required\" name=\"wpforms[fields][1][last]\" aria-errormessage=\"wpforms-447-field_1-last-error\" required><label for=\"wpforms-447-field_1-last\" class=\"wpforms-field-sublabel after\">Nom<\/label><\/div><\/div><\/fieldset><\/div><div id=\"wpforms-447-field_2-container\" class=\"wpforms-field wpforms-field-email\" data-field-id=\"2\"><label class=\"wpforms-field-label\" for=\"wpforms-447-field_2\">E-mail <span class=\"wpforms-required-label\" aria-hidden=\"true\">*<\/span><\/label><input type=\"email\" id=\"wpforms-447-field_2\" class=\"wpforms-field-medium wpforms-field-required\" name=\"wpforms[fields][2]\" spellcheck=\"false\" aria-errormessage=\"wpforms-447-field_2-error\" required><\/div><div id=\"wpforms-447-field_6-container\" class=\"wpforms-field wpforms-field-text\" data-field-id=\"6\"><label class=\"wpforms-field-label\" for=\"wpforms-447-field_6\">T\u00e9l\u00e9phone<\/label><input type=\"text\" id=\"wpforms-447-field_6\" class=\"wpforms-field-medium\" name=\"wpforms[fields][6]\" aria-errormessage=\"wpforms-447-field_6-error\" ><\/div><div id=\"wpforms-447-field_3-container\" class=\"wpforms-field wpforms-field-textarea\" data-field-id=\"3\"><label class=\"wpforms-field-label\" for=\"wpforms-447-field_3\">Commentaire ou message<\/label><textarea id=\"wpforms-447-field_3\" class=\"wpforms-field-medium\" name=\"wpforms[fields][3]\" aria-errormessage=\"wpforms-447-field_3-error\" ><\/textarea><\/div><\/div><!-- .wpforms-field-container --><div class=\"wpforms-submit-container\" ><input type=\"hidden\" name=\"wpforms[id]\" value=\"447\"><input type=\"hidden\" name=\"page_title\" value=\"\"><input type=\"hidden\" name=\"page_url\" value=\"https:\/\/alice-poitevin.fr\/index.php\/wp-json\/wp\/v2\/pages\/653\"><input type=\"hidden\" name=\"url_referer\" value=\"\"><button type=\"submit\" name=\"wpforms[submit]\" id=\"wpforms-submit-447\" class=\"wpforms-submit\" data-alt-text=\"Envoi...\" data-submit-text=\"Envoyer\" aria-live=\"assertive\" value=\"wpforms-submit\">Envoyer<\/button><img decoding=\"async\" src=\"https:\/\/alice-poitevin.fr\/wp-content\/plugins\/wpforms-lite\/assets\/images\/submit-spin.svg\" class=\"wpforms-submit-spinner\" style=\"display: none;\" width=\"26\" height=\"26\" alt=\"Chargement en cours\"><\/div><\/form><\/div>  <!-- .wpforms-container --><\/div>\n\n\n\n<div class=\"wp-block-column is-vertically-aligned-top is-layout-flow wp-block-column-is-layout-flow\">\n<h2 class=\"wp-block-heading\" style=\"margin-bottom:20px;font-size:clamp(18.959px, 1.185rem + ((1vw - 3.2px) * 1.255), 30px);\">Coordonn\u00e9es du cabinet<\/h2>\n\n\n\n<section class=\"wp-block-group alignfull has-background has-global-padding is-layout-constrained wp-container-core-group-is-layout-5e70687f wp-block-group-is-layout-constrained\" style=\"background-color:#ffffff85;margin-top:0rem;padding-right:1rem;padding-left:1rem;font-size:clamp(0.875rem, 0.875rem + ((1vw - 0.2rem) * 0.464), 1.13rem);font-style:normal;font-weight:400;line-height:1.5\">\n<div class=\"wp-block-group has-background has-global-padding is-layout-constrained wp-container-core-group-is-layout-c328c1cf wp-block-group-is-layout-constrained\" style=\"background-color:#ffffff;padding-top:5.01rem;padding-bottom:4.01rem\">\n<div class=\"wp-block-columns are-vertically-aligned-top is-layout-flex wp-container-core-columns-is-layout-713970fd wp-block-columns-is-layout-flex\">\n<div class=\"wp-block-column is-vertically-aligned-top has-global-padding is-layout-constrained wp-container-core-column-is-layout-579fee1f wp-block-column-is-layout-constrained\" style=\"border-right-color:#000000;border-right-width:1px;padding-right:1rem;padding-left:1rem\">\n<h6 class=\"wp-block-heading has-text-align-center has-text-color\" style=\"color:#010101;font-size:clamp(1.502rem, 1.502rem + ((1vw - 0.2rem) * 1.815), 2.5rem);font-style:normal;font-weight:500;letter-spacing:2px\"><img decoding=\"async\" style=\"width: 50px;\" src=\"https:\/\/tyler.com\/wp-content\/uploads\/2023\/11\/icon-location-pin.svg\" alt=\"\"><\/h6>\n\n\n\n<p class=\"has-text-align-center has-text-color has-link-color wp-elements-a5507158881939d611771a8a4d049ae5\" style=\"color:#585858;font-size:clamp(14px, 0.875rem + ((1vw - 3.2px) * 0.455), 18px);\">21 Rue du Moulin<br>56000 VANNES<\/p>\n<\/div>\n\n\n\n<div class=\"wp-block-column is-vertically-aligned-top has-global-padding is-layout-constrained wp-container-core-column-is-layout-579fee1f wp-block-column-is-layout-constrained\" style=\"border-right-color:#000000;border-right-width:1px;padding-right:1rem;padding-left:1rem\">\n<h6 class=\"wp-block-heading has-text-align-center has-text-color\" style=\"color:#000000;font-size:clamp(1.502rem, 1.502rem + ((1vw - 0.2rem) * 1.815), 2.5rem);font-style:normal;font-weight:500;letter-spacing:2px\"><img decoding=\"async\" style=\"width: 50px;\" src=\"https:\/\/tyler.com\/wp-content\/uploads\/2023\/11\/icon-phone.svg\" alt=\"\"><\/h6>\n\n\n\n<p class=\"has-text-align-center has-text-color has-link-color wp-elements-1c78f1959a3c8b6160eea7a6f4a128d1\" style=\"color:#585858;font-size:clamp(14px, 0.875rem + ((1vw - 3.2px) * 0.455), 18px);\">contact@alice-poitevin.fr<br>06 19 46 24 48<\/p>\n<\/div>\n\n\n\n<div class=\"wp-block-column is-vertically-aligned-top has-global-padding is-layout-constrained wp-container-core-column-is-layout-579fee1f wp-block-column-is-layout-constrained\" style=\"padding-right:1rem;padding-left:1rem\">\n<h6 class=\"wp-block-heading has-text-align-center has-text-color\" style=\"color:#000000;font-size:clamp(1.502rem, 1.502rem + ((1vw - 0.2rem) * 1.815), 2.5rem);font-style:normal;font-weight:500;letter-spacing:2px\"><img decoding=\"async\" style=\"width: 50px;\" src=\"https:\/\/tyler.com\/wp-content\/uploads\/2023\/11\/icon-clock.svg\" alt=\"\"><\/h6>\n\n\n\n<p class=\"has-text-align-center has-text-color has-link-color wp-elements-3470bcb7b03556cf832ecc323224b92c\" style=\"color:#585858;font-size:clamp(14px, 0.875rem + ((1vw - 3.2px) * 0.455), 18px);\">Lundi au vendredi <br>09:00 \u00e0 20:00<\/p>\n<\/div>\n<\/div>\n\n\n\n<div style=\"height:25px\" aria-hidden=\"true\" class=\"wp-block-spacer\"><\/div>\n\n\n\n<p class=\"has-text-color has-link-color wp-elements-03ecfd52b23ff8fa041327d4ed60286b\" style=\"color:#585858\"><em><span style=\"text-decoration: underline;\">En cas d&rsquo;urgence<\/span>, je suis disponible par t\u00e9l\u00e9phone 24\/24h, 7\/7j. N&rsquo;h\u00e9sitez pas \u00e0 laisser un message vocal ou un SMS.<\/em><\/p>\n<\/div>\n<\/section>\n\n\n\n<iframe src=\"https:\/\/www.google.com\/maps\/embed?pb=!1m18!1m12!1m3!1d3855.6333160557215!2d-2.7621138068295528!3d47.65999607354585!2m3!1f0!2f0!3f0!3m2!1i1024!2i768!4f13.1!3m3!1m2!1s0x48101e9a9885535f%3A0xde61a391e8d47188!2s21%20Rue%20du%20Moulin%2C%2056000%20Vannes!5e0!3m2!1sfr!2sfr!4v1753340994949!5m2!1sfr!2sfr\" width=\"600\" height=\"450\" style=\"border:0;\" allowfullscreen=\"\" loading=\"lazy\" referrerpolicy=\"no-referrer-when-downgrade\"><\/iframe>\n<\/div>\n<\/div>\n<\/div>\n","protected":false},"excerpt":{"rendered":"<p>Formulaire de contact Coordonn\u00e9es du cabinet 21 Rue du Moulin56000 VANNES contact@alice-poitevin.fr06 19 46 24 48 Lundi au vendredi 09:00 \u00e0 20:00 En cas d&rsquo;urgence, je suis disponible par t\u00e9l\u00e9phone 24\/24h, 7\/7j. N&rsquo;h\u00e9sitez pas \u00e0 laisser un message vocal ou un SMS.<\/p>\n","protected":false},"author":1,"featured_media":0,"parent":0,"menu_order":0,"comment_status":"closed","ping_status":"closed","template":"","meta":{"footnotes":""},"class_list":["post-653","page","type-page","status-publish","hentry"],"yoast_head":"<!-- This site is optimized with the Yoast SEO plugin v26.5 - https:\/\/yoast.com\/wordpress\/plugins\/seo\/ -->\n<title>Contact - Alice POITEVIN<\/title>\n<meta name=\"robots\" content=\"index, follow, max-snippet:-1, max-image-preview:large, max-video-preview:-1\" \/>\n<link rel=\"canonical\" href=\"https:\/\/alice-poitevin.fr\/index.php\/contact\/\" \/>\n<meta property=\"og:locale\" content=\"fr_FR\" \/>\n<meta property=\"og:type\" content=\"article\" \/>\n<meta property=\"og:title\" content=\"Contact - Alice POITEVIN\" \/>\n<meta property=\"og:description\" content=\"Formulaire de contact Coordonn\u00e9es du cabinet 21 Rue du Moulin56000 VANNES contact@alice-poitevin.fr06 19 46 24 48 Lundi au vendredi 09:00 \u00e0 20:00 En cas d&rsquo;urgence, je suis disponible par t\u00e9l\u00e9phone 24\/24h, 7\/7j. N&rsquo;h\u00e9sitez pas \u00e0 laisser un message vocal ou un SMS.\" \/>\n<meta property=\"og:url\" content=\"https:\/\/alice-poitevin.fr\/index.php\/contact\/\" \/>\n<meta property=\"og:site_name\" content=\"Alice POITEVIN\" \/>\n<meta property=\"article:modified_time\" content=\"2025-07-31T15:21:35+00:00\" \/>\n<meta property=\"og:image\" content=\"http:\/\/alice-poitevin.fr\/wp-content\/uploads\/2025\/07\/sean-7K24SkQUbSw-unsplash-scaled.jpg\" \/>\n<meta name=\"twitter:card\" content=\"summary_large_image\" \/>\n<script type=\"application\/ld+json\" class=\"yoast-schema-graph\">{\"@context\":\"https:\/\/schema.org\",\"@graph\":[{\"@type\":\"WebPage\",\"@id\":\"https:\/\/alice-poitevin.fr\/index.php\/contact\/\",\"url\":\"https:\/\/alice-poitevin.fr\/index.php\/contact\/\",\"name\":\"Contact - Alice POITEVIN\",\"isPartOf\":{\"@id\":\"https:\/\/alice-poitevin.fr\/#website\"},\"primaryImageOfPage\":{\"@id\":\"https:\/\/alice-poitevin.fr\/index.php\/contact\/#primaryimage\"},\"image\":{\"@id\":\"https:\/\/alice-poitevin.fr\/index.php\/contact\/#primaryimage\"},\"thumbnailUrl\":\"http:\/\/alice-poitevin.fr\/wp-content\/uploads\/2025\/07\/sean-7K24SkQUbSw-unsplash-scaled.jpg\",\"datePublished\":\"2025-07-25T21:41:40+00:00\",\"dateModified\":\"2025-07-31T15:21:35+00:00\",\"breadcrumb\":{\"@id\":\"https:\/\/alice-poitevin.fr\/index.php\/contact\/#breadcrumb\"},\"inLanguage\":\"fr-FR\",\"potentialAction\":[{\"@type\":\"ReadAction\",\"target\":[\"https:\/\/alice-poitevin.fr\/index.php\/contact\/\"]}]},{\"@type\":\"ImageObject\",\"inLanguage\":\"fr-FR\",\"@id\":\"https:\/\/alice-poitevin.fr\/index.php\/contact\/#primaryimage\",\"url\":\"https:\/\/alice-poitevin.fr\/wp-content\/uploads\/2025\/07\/sean-7K24SkQUbSw-unsplash-scaled.jpg\",\"contentUrl\":\"https:\/\/alice-poitevin.fr\/wp-content\/uploads\/2025\/07\/sean-7K24SkQUbSw-unsplash-scaled.jpg\",\"width\":2560,\"height\":1438},{\"@type\":\"BreadcrumbList\",\"@id\":\"https:\/\/alice-poitevin.fr\/index.php\/contact\/#breadcrumb\",\"itemListElement\":[{\"@type\":\"ListItem\",\"position\":1,\"name\":\"Accueil\",\"item\":\"https:\/\/alice-poitevin.fr\/\"},{\"@type\":\"ListItem\",\"position\":2,\"name\":\"Contact\"}]},{\"@type\":\"WebSite\",\"@id\":\"https:\/\/alice-poitevin.fr\/#website\",\"url\":\"https:\/\/alice-poitevin.fr\/\",\"name\":\"Alice POITEVIN\",\"description\":\"Avocate au Barreau de VANNES\",\"publisher\":{\"@id\":\"https:\/\/alice-poitevin.fr\/#organization\"},\"potentialAction\":[{\"@type\":\"SearchAction\",\"target\":{\"@type\":\"EntryPoint\",\"urlTemplate\":\"https:\/\/alice-poitevin.fr\/?s={search_term_string}\"},\"query-input\":{\"@type\":\"PropertyValueSpecification\",\"valueRequired\":true,\"valueName\":\"search_term_string\"}}],\"inLanguage\":\"fr-FR\"},{\"@type\":\"Organization\",\"@id\":\"https:\/\/alice-poitevin.fr\/#organization\",\"name\":\"Alice POITEVIN\",\"url\":\"https:\/\/alice-poitevin.fr\/\",\"logo\":{\"@type\":\"ImageObject\",\"inLanguage\":\"fr-FR\",\"@id\":\"https:\/\/alice-poitevin.fr\/#\/schema\/logo\/image\/\",\"url\":\"https:\/\/alice-poitevin.fr\/wp-content\/uploads\/2024\/08\/LOGO-4-2-1.png\",\"contentUrl\":\"https:\/\/alice-poitevin.fr\/wp-content\/uploads\/2024\/08\/LOGO-4-2-1.png\",\"width\":500,\"height\":500,\"caption\":\"Alice POITEVIN\"},\"image\":{\"@id\":\"https:\/\/alice-poitevin.fr\/#\/schema\/logo\/image\/\"}}]}<\/script>\n<!-- \/ Yoast SEO plugin. -->","yoast_head_json":{"title":"Contact - Alice POITEVIN","robots":{"index":"index","follow":"follow","max-snippet":"max-snippet:-1","max-image-preview":"max-image-preview:large","max-video-preview":"max-video-preview:-1"},"canonical":"https:\/\/alice-poitevin.fr\/index.php\/contact\/","og_locale":"fr_FR","og_type":"article","og_title":"Contact - Alice POITEVIN","og_description":"Formulaire de contact Coordonn\u00e9es du cabinet 21 Rue du Moulin56000 VANNES contact@alice-poitevin.fr06 19 46 24 48 Lundi au vendredi 09:00 \u00e0 20:00 En cas d&rsquo;urgence, je suis disponible par t\u00e9l\u00e9phone 24\/24h, 7\/7j. N&rsquo;h\u00e9sitez pas \u00e0 laisser un message vocal ou un SMS.","og_url":"https:\/\/alice-poitevin.fr\/index.php\/contact\/","og_site_name":"Alice POITEVIN","article_modified_time":"2025-07-31T15:21:35+00:00","og_image":[{"url":"http:\/\/alice-poitevin.fr\/wp-content\/uploads\/2025\/07\/sean-7K24SkQUbSw-unsplash-scaled.jpg","type":"","width":"","height":""}],"twitter_card":"summary_large_image","schema":{"@context":"https:\/\/schema.org","@graph":[{"@type":"WebPage","@id":"https:\/\/alice-poitevin.fr\/index.php\/contact\/","url":"https:\/\/alice-poitevin.fr\/index.php\/contact\/","name":"Contact - Alice POITEVIN","isPartOf":{"@id":"https:\/\/alice-poitevin.fr\/#website"},"primaryImageOfPage":{"@id":"https:\/\/alice-poitevin.fr\/index.php\/contact\/#primaryimage"},"image":{"@id":"https:\/\/alice-poitevin.fr\/index.php\/contact\/#primaryimage"},"thumbnailUrl":"http:\/\/alice-poitevin.fr\/wp-content\/uploads\/2025\/07\/sean-7K24SkQUbSw-unsplash-scaled.jpg","datePublished":"2025-07-25T21:41:40+00:00","dateModified":"2025-07-31T15:21:35+00:00","breadcrumb":{"@id":"https:\/\/alice-poitevin.fr\/index.php\/contact\/#breadcrumb"},"inLanguage":"fr-FR","potentialAction":[{"@type":"ReadAction","target":["https:\/\/alice-poitevin.fr\/index.php\/contact\/"]}]},{"@type":"ImageObject","inLanguage":"fr-FR","@id":"https:\/\/alice-poitevin.fr\/index.php\/contact\/#primaryimage","url":"https:\/\/alice-poitevin.fr\/wp-content\/uploads\/2025\/07\/sean-7K24SkQUbSw-unsplash-scaled.jpg","contentUrl":"https:\/\/alice-poitevin.fr\/wp-content\/uploads\/2025\/07\/sean-7K24SkQUbSw-unsplash-scaled.jpg","width":2560,"height":1438},{"@type":"BreadcrumbList","@id":"https:\/\/alice-poitevin.fr\/index.php\/contact\/#breadcrumb","itemListElement":[{"@type":"ListItem","position":1,"name":"Accueil","item":"https:\/\/alice-poitevin.fr\/"},{"@type":"ListItem","position":2,"name":"Contact"}]},{"@type":"WebSite","@id":"https:\/\/alice-poitevin.fr\/#website","url":"https:\/\/alice-poitevin.fr\/","name":"Alice POITEVIN","description":"Avocate au Barreau de VANNES","publisher":{"@id":"https:\/\/alice-poitevin.fr\/#organization"},"potentialAction":[{"@type":"SearchAction","target":{"@type":"EntryPoint","urlTemplate":"https:\/\/alice-poitevin.fr\/?s={search_term_string}"},"query-input":{"@type":"PropertyValueSpecification","valueRequired":true,"valueName":"search_term_string"}}],"inLanguage":"fr-FR"},{"@type":"Organization","@id":"https:\/\/alice-poitevin.fr\/#organization","name":"Alice POITEVIN","url":"https:\/\/alice-poitevin.fr\/","logo":{"@type":"ImageObject","inLanguage":"fr-FR","@id":"https:\/\/alice-poitevin.fr\/#\/schema\/logo\/image\/","url":"https:\/\/alice-poitevin.fr\/wp-content\/uploads\/2024\/08\/LOGO-4-2-1.png","contentUrl":"https:\/\/alice-poitevin.fr\/wp-content\/uploads\/2024\/08\/LOGO-4-2-1.png","width":500,"height":500,"caption":"Alice POITEVIN"},"image":{"@id":"https:\/\/alice-poitevin.fr\/#\/schema\/logo\/image\/"}}]}},"_links":{"self":[{"href":"https:\/\/alice-poitevin.fr\/index.php\/wp-json\/wp\/v2\/pages\/653","targetHints":{"allow":["GET"]}}],"collection":[{"href":"https:\/\/alice-poitevin.fr\/index.php\/wp-json\/wp\/v2\/pages"}],"about":[{"href":"https:\/\/alice-poitevin.fr\/index.php\/wp-json\/wp\/v2\/types\/page"}],"author":[{"embeddable":true,"href":"https:\/\/alice-poitevin.fr\/index.php\/wp-json\/wp\/v2\/users\/1"}],"replies":[{"embeddable":true,"href":"https:\/\/alice-poitevin.fr\/index.php\/wp-json\/wp\/v2\/comments?post=653"}],"version-history":[{"count":5,"href":"https:\/\/alice-poitevin.fr\/index.php\/wp-json\/wp\/v2\/pages\/653\/revisions"}],"predecessor-version":[{"id":789,"href":"https:\/\/alice-poitevin.fr\/index.php\/wp-json\/wp\/v2\/pages\/653\/revisions\/789"}],"wp:attachment":[{"href":"https:\/\/alice-poitevin.fr\/index.php\/wp-json\/wp\/v2\/media?parent=653"}],"curies":[{"name":"wp","href":"https:\/\/api.w.org\/{rel}","templated":true}]}}